{"id":1568,"date":"2020-04-04T17:09:19","date_gmt":"2020-04-04T17:09:19","guid":{"rendered":"http:\/\/www.hrdevelopment.cz\/?post_type=product&#038;p=1568"},"modified":"2020-04-07T21:30:20","modified_gmt":"2020-04-07T19:30:20","slug":"online-firemni-trenink-efektivni-komunikace","status":"publish","type":"product","link":"https:\/\/www.hrdevelopment.cz\/?product=online-firemni-trenink-efektivni-komunikace","title":{"rendered":"Online firemn\u00ed tr\u00e9nink Efektivn\u00ed komunikace"},"content":{"rendered":"<h2 style=\"text-align: justify;\">Online firemn\u00ed tr\u00e9nink EFEKTIVN\u00cd KOMUNIKACE<\/h2>\n<blockquote><p><em>\u201eV\u011bdy je zapot\u0159eb\u00ed. Ale kdyby Newton le\u017eel n\u011bkde jinde a nepadla mu na nos ta hru\u0161ka, nebo co to bylo, a neupozornila ho na to, \u017ee je taky p\u0159ita\u017elivost zemsk\u00e1, tak by ta p\u0159ita\u017elivost byla d\u00e1l. On by ji neobjevil. Objevil by ji n\u011bkdo jinej. Za minutu dvacet, nebo za sto let. Ale kdyby Shakespeare nenapsal Hamleta, tak nikdy nebyl! Kdyby velk\u00fd um\u011blci neud\u011blali svoje d\u00edlo, tak jsme byli o to chud\u0161\u00ed! Proto\u017ee um\u011bn\u00ed je komunikace.\u201c<\/em> \u2014\u00a0 Jan Werich \u010desk\u00fd herec, dramatik a spisovatel 1905 &#8211; 1980<\/p><\/blockquote>\n<p style=\"text-align: justify;\">V\u0161\u00edm co \u010din\u00edme, t\u00edm tak\u00e9 se sv\u00fdm okol\u00edm komunikujeme. Kdy\u017e sp\u00edme, komunikujeme, kdy\u017e sed\u00edme a ne\u010dinn\u011b z\u00edr\u00e1me do st\u011bny &#8211; komunikujeme, kdy\u017e lehce znerv\u00f3zn\u00edme, komunikujeme. Je mnoho situac\u00ed, kdy komunikujeme se sv\u00fdm okol\u00edm, ani\u017e bychom to v\u017edy profesion\u00e1ln\u011b zvl\u00e1dali. P\u0159ejete si tyto a dal\u0161\u00ed projevy rozpozn\u00e1vat, ovl\u00e1dnout a vyu\u017e\u00edt ve sv\u016fj prosp\u011bch?<\/p>\n<p style=\"text-align: justify;\"><strong><u>Stru\u010dn\u00e1 osnova online firemn\u00edho tr\u00e9ninku (doporu\u010den\u00fd po\u010det 6-8 osob)<\/u><\/strong><\/p>\n<ol>\n<li>Komunikace \u2013 v\u00fdznam, proces, d\u011blen\u00ed<\/li>\n<li>Bari\u00e9ry efektivn\u00ed komunikace<\/li>\n<li>Verb\u00e1ln\u00ed a neverb\u00e1ln\u00ed slo\u017eky komunikace<\/li>\n<li>Typologie \u2013 komunika\u010dn\u00ed, barvov\u00e1, Psychodiagnostick\u00e9 n\u00e1stroje-osobnostn\u00ed profil, komunika\u010dn\u00ed styl &#8211; um\u011bn\u00ed se prosadit<\/li>\n<li>Aktivn\u00ed naslouch\u00e1n\u00ed, sd\u011blov\u00e1n\u00ed, empatie<\/li>\n<li>Konflikty, komunika\u010dn\u00ed fauly<\/li>\n<\/ol>\n","protected":false},"excerpt":{"rendered":"<p>Po uhrazen\u00ed faktury a dohodnut\u00ed term\u00ednu kon\u00e1n\u00ed online tr\u00e9ninku, naleznete u sv\u00e9ho \u00fa\u010dtu v kolonce STA\u017dEN\u00cd odkaz na online p\u0159enos s lektorem &amp; vzd\u011bl\u00e1vac\u00ed oporu v\u010detn\u011b p\u0159\u00edstupu.<\/p>\n","protected":false},"featured_media":1573,"comment_status":"open","ping_status":"closed","template":"","meta":[],"product_brand":[],"product_cat":[145],"product_tag":[159,156,158,146,157,147],"class_list":{"0":"post-1568","1":"product","2":"type-product","3":"status-publish","4":"has-post-thumbnail","6":"product_cat-online-firemni-trenink","7":"product_tag-empatie","8":"product_tag-komunikace","9":"product_tag-konflikty","10":"product_tag-leadership","11":"product_tag-naslouchani","12":"product_tag-online-firemni-trenink","13":"it-has-gallery","15":"first","16":"instock","17":"downloadable","18":"virtual","19":"taxable","20":"purchasable","21":"product-type-simple"},"jetpack_sharing_enabled":true,"_links":{"self":[{"href":"https:\/\/www.hrdevelopment.cz\/index.php?rest_route=\/wp\/v2\/product\/1568","targetHints":{"allow":["GET"]}}],"collection":[{"href":"https:\/\/www.hrdevelopment.cz\/index.php?rest_route=\/wp\/v2\/product"}],"about":[{"href":"https:\/\/www.hrdevelopment.cz\/index.php?rest_route=\/wp\/v2\/types\/product"}],"replies":[{"embeddable":true,"href":"https:\/\/www.hrdevelopment.cz\/index.php?rest_route=%2Fwp%2Fv2%2Fcomments&post=1568"}],"wp:featuredmedia":[{"embeddable":true,"href":"https:\/\/www.hrdevelopment.cz\/index.php?rest_route=\/wp\/v2\/media\/1573"}],"wp:attachment":[{"href":"https:\/\/www.hrdevelopment.cz\/index.php?rest_route=%2Fwp%2Fv2%2Fmedia&parent=1568"}],"wp:term":[{"taxonomy":"product_brand","embeddable":true,"href":"https:\/\/www.hrdevelopment.cz\/index.php?rest_route=%2Fwp%2Fv2%2Fproduct_brand&post=1568"},{"taxonomy":"product_cat","embeddable":true,"href":"https:\/\/www.hrdevelopment.cz\/index.php?rest_route=%2Fwp%2Fv2%2Fproduct_cat&post=1568"},{"taxonomy":"product_tag","embeddable":true,"href":"https:\/\/www.hrdevelopment.cz\/index.php?rest_route=%2Fwp%2Fv2%2Fproduct_tag&post=1568"}],"curies":[{"name":"wp","href":"https:\/\/api.w.org\/{rel}","templated":true}]}}